4
Suppose 5*l + 11820 = 20*l. Let h = l - 482. Calculate the greatest common factor of 36 and h.
18
Let p(q) = q**2 - 19*q + 89. Let u be p(7). Suppose 4*o - 3*r + 35 = 164, -u*r + 25 = 0. What is the greatest common factor of 4 and o?
4
Let v be 3 - (1*-2 - -1). Let k(l) = 2*l + 2. Let q be k(v). Let d(t) = t**2 - 192*t + 2512. Let i be d(14). Calculate the greatest common divisor of i and q.
10
Let h(o) = -11*o - 53. Let l be h(-7). Let j be l/(-36) - 1005/(-9). What is the greatest common divisor of j and 74?
37
Let f = -861 + 857. Let o be (45/(-12) + 9 + f)*48. Calculate the highest common divisor of o and 288.
12
Suppose -5*n + 5*x = -700, 3*n - 56*x + 55*x - 428 = 0. Let i(j) = j**3 + 8*j**2 + 9. Let t be i(-8). What is the greatest common factor of n and t?
9
Suppose -18 = 13*y - 10*y. Let z(g) = g**2 - 4*g - 44. Let k be z(y). What is the greatest common factor of 512 and k?
16
Suppose n = 58 - 4. Let i be (14 + -8 - -477) + -6 + 9. Calculate the greatest common divisor of i and n.
54
Let j(s) = -s + 10. Let f be j(10). Suppose f = g + 4*g - 20. Suppose -4*c + 14 = 2*d, 0 = -5*d + g*c + 8 - 1. What is the highest common factor of 1 and d?
1
Let d = 32535 - 14955. What is the greatest common factor of 15 and d?
15
Let k be 8/((-104)/(-5499)) + 3. Calculate the greatest common divisor of 142 and k.
142
Suppose 3*i - 180 = -2*y - y, y - 63 = -4*i. Suppose 7*a - 4*d - 104 = 6*a, -5*d = a - y. Suppose 3*k - 420 = a. What is the highest common divisor of 21 and k?
21
Let i be 9 + 4/(-2) + (-43400)/(-70). Calculate the highest common factor of i and 513.
57
Let m(q) = -2*q**2 + 80*q - 334. Let c be m(35). What is the highest common factor of 14 and c?
2
Let m(x) = x**3 + 10*x**2 + 24*x + 150. Let w be m(-9). What is the greatest common divisor of 55 and w?
5
Let s(k) = -2*k**2 - 83*k + 3340. Let h be s(-59). What is the greatest common divisor of 1479 and h?
51
Suppose 5*z - 5*v - 26110 = 0, 46*v - 47*v + 10456 = 2*z. Calculate the highest common divisor of z and 234.
78
Suppose -1 + 29 = t + 4*w, -4*t - 3*w = -73. Let l be (22 - 3) + (11 - t). What is the highest common divisor of 378 and l?
14
Let q be 1 - (2 + 7) - -10. Let w = -14 + 13. Let m be ((-9)/18)/(w/44). What is the greatest common divisor of m and q?
2
Suppose 0 = 2*z + 5*i - 255, -5*z + 3*i = 301 - 985. Suppose 9*v - z = -6*v. Calculate the greatest common divisor of 63 and v.
9
Suppose -5*y - 40 = -2*r - 4*y, 100 = 5*r + 5*y. Let n be -10*((-7)/(-5))/(r/(-150)). Suppose i + 45 = 4*i. Calculate the greatest common factor of n and i.
15
Suppose 456 + 120 = -3*z. Let b = -176 - z. Let k(m) = 2*m - 14. Let u be k(13). Calculate the greatest common factor of u and b.
4
Let j(g) = -21*g + 510. Let q be j(24). Let x(m) = 18*m**2 - m + 1. Let n = 14 - 13. Let r be x(n). Calculate the highest common factor of q and r.
6
Suppose -231 = g - 3*p, 3*g - 2*p - 256 = 4*g. Let o = g - -256. What is the greatest common factor of o and 6?
2
Let a be 40/(-2) + (8933 - -148). Calculate the greatest common divisor of 82 and a.
41
Let c = 536 - 526. Let n be 1 + -1 - -3 - -1. Let j = 74 - n. What is the greatest common divisor of c and j?
10
Let d(i) = i**3 + 3*i**2 - 13*i - 1. Let a(u) = -2*u - 1. Let v(h) = a(h) + d(h). Let f be v(3). What is the greatest common divisor of 301 and f?
7
Let d = -13564 - -13657. Let y(p) = 0 + 1 - 2*p + 7*p**2 + 1 + p**3. Let x be y(-5). What is the highest common divisor of x and d?
31
Let d = -46 + 52. Suppose 0 = 2*f - 2*t - d, -3*t + 7*t + 12 = 3*f. Let k = 124 - f. Calculate the greatest common factor of 31 and k.
31
Let u = -259 - -418. Let o = -27 + u. What is the highest common factor of o and 176?
44
Let p(y) be the first derivative of -2*y**3/3 + 19*y**2/2 + 14*y + 131. Let t be p(10). What is the greatest common factor of t and 92?
4
Let t(d) = 7*d**2 - 7*d + 18. Let h be t(7). What is the highest common factor of 588 and h?
12
Suppose 9998 = 386*s - 363*s + 1327. Suppose 2*p - 16 = 4*b - 66, -2*b = 2*p - 28. Calculate the greatest common factor of s and b.
13
Let x be 6471 + 8 - 9 - 12/4. What is the highest common divisor of 446 and x?
223
Let j be 17*15/1530 + (-539)/(-6). What is the greatest common factor of 17910 and j?
90
Suppose 31*s - 3320 = -21*s - 31*s. Let y be 1 + -2 + 320 + 1. What is the highest common factor of s and y?
40
Let q = 1189 - 1760. Let x = -539 - q. What is the highest common factor of 288 and x?
32
Let m(x) = -338*x - 967. Let l be m(-24). What is the greatest common factor of l and 5?
5
Let j(b) = 121*b - 79. Let q be j(1). Let p = -59 + 80. Calculate the highest common divisor of q and p.
21
Suppose 14*o - 5620 + 1633 - 1683 = 0. Calculate the highest common factor of o and 20.
5
Suppose -13*f + 5488 = -6*f. Suppose 458*x - 454*x = f. Calculate the highest common divisor of 4 and x.
4
Let s = 18373 + -17205. Calculate the highest common divisor of s and 803.
73
Let v(j) be the second derivative of j**4/3 - 7*j**3/2 + 3*j**2 + 2*j - 4. Let y be v(6). What is the highest common divisor of y and 324?
12
Suppose -248 = -5*h + 2*r, 3*h - 7*h + r = -196. Suppose -46*o + 38 = -44*o. Suppose 0 = -o*z + 20*z - 16. Calculate the highest common factor of h and z.
16
Let m be (12/16)/((-78)/(-3640)). What is the highest common divisor of 1141 and m?
7
Let r = 209 + -168. Suppose 257 = 4*i - 5*l, 3*i - l - r = 138. Calculate the highest common factor of i and 203.
29
Suppose -3*b + 92262 = 3*x, 0 = 558*x - 553*x + 3*b - 153764. What is the highest common factor of 191 and x?
191
Suppose -620 + 894 = 87*k - 944. Calculate the greatest common factor of k and 19250.
14
Suppose -z - 3 = 3*p, 22 + 0 = 2*z - p. Let i be -28*2/(-4)*27. Calculate the greatest common factor of z and i.
9
Suppose 75*t - 29*t = 71*t - 1300. Calculate the highest common divisor of 6526 and t.
26
Let n = 7969 + -6653. Calculate the highest common factor of 564 and n.
188
Let z(r) = 17*r**2 + 10*r - 29. Let n be z(7). Suppose -6*o = -25*o + n. What is the greatest common divisor of 414 and o?
46
Let q = 286 - 166. Suppose -q = -r - 2*r. Calculate the greatest common divisor of r and 64.
8
Suppose -11*r + 16*r + 594 = 4*o, -o = 3*r - 174. Let g be (-4)/(-12) - 311/(-3). Calculate the greatest common divisor of o and g.
52
Suppose -3*b = -3*h - 7 - 8, 0 = -5*h - 2*b + 10. Suppose -g + 178 = g + 2*t, h = 3*g - 3*t - 261. Calculate the greatest common divisor of 8 and g.
8
Suppose 1210 + 294 = 4*l. What is the greatest common factor of l and 40?
8
Let b = 556 - 374. Calculate the highest common factor of b and 21.
7
Let y(z) = 8*z**3 + 27*z**2 - 33*z + 6. Let v be y(1). Calculate the greatest common divisor of 6376 and v.
8
Let d be (-21)/(42/(-20542)) - -15. Calculate the greatest common divisor of d and 148.
74
Let t be (-68)/12*(-55 + 17 + 17). What is the highest common divisor of 10948 and t?
119
Let n = -14033 - -14058. Calculate the highest common factor of n and 625.
25
Suppose x - 221*x + 37260 = 56*x. Calculate the highest common factor of 3630 and x.
15
Let y be (-12)/14 - (-173085)/77. What is the highest common divisor of y and 21?
21
Suppose -9*i + 7*i + 88 = 0. Let q = -18 + i. Suppose 16*a - 603 - 21 = 0. What is the greatest common factor of a and q?
13
Let q be (10/8)/((-22)/(-1936)). What is the greatest common factor of q and 2475?
55
Let m = 114 - 110. Suppose 3*o - 4*v = -5*v + 50, o - 8 = m*v. What is the highest common factor of o and 48?
16
Suppose -294*x - 5427 = -297*x. Calculate the highest common divisor of x and 81.
27
Suppose -126 = -2*c - 70. Let f(a) = -12*a + 2. Suppose 2*m = -3*m - 5. Let b be f(m). Calculate the highest common divisor of c and b.
14
Let s be (-662625)/(-40) + (-33)/(-88). What is the highest common divisor of 66 and s?
66
Let q = -3787 - -4081. What is the highest common divisor of q and 182?
14
Let b(q) = q**3 - 13*q**2 - 367*q - 105. Let c be b(27). Calculate the greatest common divisor of 828 and c.
12
Let m(a) = 2*a**3 + 40*a**2 + 130*a - 22. Let r be m(-7). What is the greatest common factor of r and 81?
9
Let y be 4 - 27/6 - ((-1542)/4 - 0). What is the greatest common divisor of y and 91?
7
Let m be 24/(-6)*(-4)/6*-3. Let z be (m/(-3))/(30/585). What is the greatest common divisor of 468 and z?
52
Suppose 